2 a multiple of 3?
True
Does 91 divide 182?
True
Is 1797 a multiple of 18?
False
Does 12 divide 4356?
True
Is 613 a multiple of 42?
False
Does 73 divide 1606?
True
Is 24 a factor of 351?
False
Is 5265 a multiple of 81?
True
Is 984 a multiple of 82?
True
Is 72 a factor of 8049?
False
Is 19 a factor of 29161?
False
Does 138 divide 22218?
True
Is 589 a multiple of 6?
False
Is 39144 a multiple of 168?
True
Is 43753 a multiple of 6?
False
Is 87 a factor of 3745?
False
Does 20 divide 20560?
True
Does 49 divide 1299?
False
Does 57 divide 4636?
False
Is 1996 a multiple of 106?
False
Is 139 a multiple of 16?
False
Does 31 divide 270?
False
Is 6 a factor of 109?
False
Does 27 divide 106?
False
Is 21 a factor of 1308?
False
Does 66 divide 5610?
True
Is 17 a factor of 4974?
False
Is 20 a factor of 37540?
True
Is 8512 a multiple of 24?
False
Is 191 a multiple of 8?
False
Is 260 a multiple of 28?
False
Is 750 a multiple of 50?
True
Is 19992 a multiple of 14?
True
Does 4 divide 13711?
False
Is 2804 a multiple of 17?
False
Is 4 a factor of 116?
True
Is 17 a factor of 277?
False
Is 184 a factor of 62371?
False
Is 12 a factor of 199?
False
Does 10 divide 840?
True
Is 17 a factor of 14442?
False
Is 2876 a multiple of 5?
False
Does 16 divide 268?
False
Is 6 a factor of 9666?
True
Is 82 a multiple of 5?
False
Is 19 a factor of 1083?
True
Is 2535 a multiple of 88?
False
Is 15073 a multiple of 37?
False
Is 32 a factor of 1344?
True
Is 11 a factor of 1452?
True
Is 36 a factor of 3758?
False
Is 5966 a multiple of 23?
False
Does 29 divide 924?
False
Is 741 a multiple of 13?
True
Is 285 a multiple of 3?
True
Does 30 divide 49092?
False
Is 152 a multiple of 15?
False
Does 13 divide 61100?
True
Does 3 divide 5762?
False
Does 27 divide 1161?
True
Is 47 a factor of 1598?
True
Is 1148 a multiple of 8?
False
Is 6 a factor of 845?
False
Is 9 a factor of 63?
True
Is 10 a factor of 11?
False
Is 290 a factor of 34092?
False
Is 7332 a multiple of 78?
True
Does 334 divide 17311?
False
Is 7 a factor of 49?
True
Is 69 a factor of 15318?
True
Is 6082 a multiple of 22?
False
Is 4800 a multiple of 8?
True
Is 47472 a multiple of 46?
True
Is 18 a factor of 90?
True
Is 4023 a multiple of 43?
False
Does 50 divide 3386?
False
Does 36 divide 12732?
False
Is 3 a factor of 989?
False
Does 391 divide 65066?
False
Is 31 a factor of 28396?
True
Does 48 divide 19632?
True
Is 684 a multiple of 36?
True
Does 2 divide 2755?
False
Is 10244 a multiple of 52?
True
Does 28 divide 77476?
True
Does 130 divide 1040?
True
Is 840 a multiple of 21?
True
Is 25202 a multiple of 201?
False
Does 19 divide 9378?
False
Is 2580 a multiple of 9?
False
Does 48 divide 1008?
True
Is 116 a multiple of 58?
True
Is 37 a factor of 1966?
False
Is 58 a factor of 1392?
True
Is 122 a multiple of 22?
False
Is 8 a factor of 25955?
False
Is 6948 a multiple of 63?
False
Is 1551 a multiple of 47?
True
Is 2251 a multiple of 12?
False
Does 9 divide 23843?
False
Is 10 a factor of 700?
True
Is 51 a factor of 1173?
True
Is 565 a multiple of 80?
False
Is 34444 a multiple of 28?
False
Is 276 a multiple of 4?
True
Is 6 a factor of 198?
True
Does 4 divide 338?
False
Is 772 a multiple of 8?
False
Is 9650 a multiple of 192?
False
Is 74781 a multiple of 9?
True
Is 88 a factor of 528?
True
Is 78 a factor of 9111?
False
Is 43 a factor of 10542?
False
Is 1296 a multiple of 48?
True
Is 46 a factor of 16860?
False
Is 10 a factor of 400?
True
Is 451 a multiple of 88?
False
Is 6 a factor of 366?
True
Is 271 a factor of 53456?
False
Does 5 divide 1561?
False
Is 2 a factor of 168?
True
Is 10 a factor of 6130?
True
Is 61 a factor of 1464?
True
Is 5903 a multiple of 15?
False
Is 15 a factor of 4329?
False
Is 718 a multiple of 75?
False
Is 35 a factor of 166317?
False
Is 273 a multiple of 39?
True
Is 14 a factor of 154?
True
Is 8 a factor of 7376?
True
Does 16 divide 5974?
False
Is 50 a factor of 272?
False
Is 5217 a multiple of 14?
False
Does 26 divide 732?
False
Is 5 a factor of 541?
False
Does 14 divide 100?
False
Is 13 a factor of 15171?
True
Does 27 divide 14013?
True
Is 8 a factor of 1488?
True
Is 9 a factor of 396?
True
Is 15 a factor of 401?
False
Is 149 a factor of 10210?
False
Does 13 divide 704?
False
Is 3 a factor of 11299?
False
Is 3180 a multiple of 87?
False
Does 9 divide 727?
False
Does 32 divide 6784?
True
Is 6 a factor of 734?
False
Does 90 divide 1260?
True
Is 457 a multiple of 7?
False
Is 2920 a multiple of 292?
True
Is 12 a factor of 24966?
False
Is 1686 even?
True
Does 3 divide 484?
False
Does 26 divide 593?
False
Is 5 a factor of 164?
False
Does 24 divide 41976?
True
Is 333 a factor of 120879?
True
Is 20 a factor of 480?
True
Is 17 a factor of 418?
False
Is 528 a multiple of 14?
False
Is 2529 a multiple of 15?
False
Is 64 a multiple of 16?
True
Is 2 a factor of 715?
False
Does 21 divide 273?
True
Does 182 divide 18382?
True
Is 18 a factor of 37656?
True
Does 9 divide 630?
True
Is 475 a multiple of 25?
True
Is 2 a factor of 19?
False
Is 51 a factor of 2367?
False
Is 5 a factor of 16375?
True
Is 885 a multiple of 41?
False
Does 39 divide 156?
True
Is 92 a factor of 1380?
True
Is 493 a multiple of 29?
True
Does 24 divide 3696?
True
Does 13 divide 507?
True
Is 35 a factor of 7568?
False
Does 31 divide 1717?
False
Is 5 a factor of 7860?
True
Is 5 a factor of 10931?
False
Is 14 a factor of 30139?
False
Is 131 a factor of 4978?
True
Does 11 divide 10322?
False
Is 39 a factor of 234?
True
Does 24 divide 672?
True
Is 192 a multiple of 4?
True
Is 28 a factor of 9067?
False
Is 4620 a multiple of 60?
True
Does 19 divide 323?
True
Is 2836 a multiple of 10?
False
Is 15 a factor of 780?
True
Is 1620 a multiple of 27?
True
Is 36858 a multiple of 10?
False
Is 2584 a multiple of 76?
True
Is 1675 a multiple of 2?
False
Is 96 a multiple of 8?
True
Is 14885 a multiple of 18?
False
Is 336 a multiple of 14?
True
Is 3 a factor of 149?
False
Is 756 a multiple of 15?
False
Is 44791 a multiple of 47?
True
Is 96614 a multiple of 67?
True
Is 25021 a multiple of 20?
False
Is 20 a factor of 3135?
False
Is 1425 a multiple of 11?
False
Does 13 divide 1621?
False
Does 11 divide 4312?
True
Does 32 divide 30176?
True
Is 2345 a multiple of 51?
False
Does 43 divide 3010?
True
Is 6 a factor of 6143?
False
Is 13 a factor of 429?
True
Is 5102 a multiple of 6?
False
Is 520 a multiple of 26?
True
Is 61 a factor of 13786?
True
Is 14724 a multiple of 36?
True
Is 12 a factor of 1368?
True
Is 113820 a multiple of 193?
False
Is 1783 a multiple of 20?
False
Is 3636 a multiple of 38?
False
Is 1703 a multiple of 13?
True
Does 14 divide 3794?
True
Is 314 a factor of 24769?
False
Is 3484 a multiple of 13?
True
Is 504 a multiple of 3?
True
Does 17 divide 408?
True
Is 122 a factor of 205?
False
Is 3402 a multiple of 28?
False
Does 9 divide 992?
False
Does 19 divide 14812?
False
Does 9 divide 16284?
False
Is 108 a factor of 21345?
False
Does 115 divide 6785?
True
Is 165 a factor of 3300?
True
Does 153 divide 2448?
True
Does 2 divide 125?
False
Is 11 a factor of 2743?
False
Is 12005 a multiple of 101?
False
Is 2310 a multiple of 110?
True
Does 6 divide 81869?
False
Is 42 a factor of 4321?
False
Is 8461 a multiple of 10?
False
Is 23 a factor of 989?
True
Is 1659 a multiple of 3?
True
Is 76 a factor of 424?
False
Does 14 divide 458?
False
Is 1960 a multiple of 49?
True
Is 12083 a multiple of 89?
False
Is 8747 a multiple of 113?
False
Is 5733 a multiple of 39?
True
Does 10 divide 84370?
True
Is 12 a factor of 25536?
True
Is 22 a factor of 123398?
True
Does 18 divide 1890?
True
Is 17 a factor of 234?
False
Is 22173 a multiple of 31?
False
Does 186 divide 6696?
True
Does 38 divide 14745?
False
Is 780 a multiple of 6?
True
Does 133 divide 13289?
False
Is 51 a factor of 22542?
True
Is 18 a factor of 890?
False
Is 41 a factor of 351?
False
Does 40 divide 720?
True
Does 15 divide 795?
True
Does 68 divide 16864?
True
Is 7 a factor of 45?
False
Is 5 a factor of 1309?
False
Is 2285 a multiple of 24?
False
Is 546 a multiple of 42?
True
Is 94 a factor of 1355?
False
Does 6 divide 472?
False
Is 6 a factor of 104?
False
Does 20 divide 30757?
False
Is 217 a factor of 4340?
True
Is 308 a multiple of 22?
True
Is 587 a multiple of 36?
False
Is 26142 a multiple of 13?
False
Is 5 a factor of 40837?
False
Is 